 z. Let p = 25 - x. Let t(n) = -5*n - 3. What is t(p)?
7
Let j(p) = 4 - p**2 - 2*p + p**3 - 7*p**2 + 3. Calculate j(8).
-9
Let q(x) be the first derivative of 25*x**3/3 + 7*x**2 + 4. Let y(t) = 8*t**2 + 5*t. Let u = -2 - -8. Let o(n) = u*q(n) - 17*y(n). Determine o(1).
13
Let x(z) = z**3 - 9*z - 9. Let h(s) = 2*s**3 - 10*s - 10. Let k(v) = -6*h(v) + 7*x(v). Let j be k(-1). Let t(p) = -4*p - 2. Calculate t(j).
-22
Let s(d) = -10*d**3 - d**2 + 4*d - 2. Suppose 11*i + 42 = 53. What is s(i)?
-9
Let n = -147 - -141. Let g(z) = z**2 + 7*z. Determine g(n).
-6
Let p(c) = -c**2 + c - 4. Let k be (12/(-5) + 3)*100/(-20). Determine p(k).
-16
Suppose 6*d = 2*d + 1224. Let n(c) = -3 - d*c + 308*c + 0 + c**2. Determine n(-4).
5
Let s be 0 + (-3 - 12)/(-3). Let y(h) = -8*h**3 + s*h**2 - 4 + 6*h + 11*h**3 - 4*h**3. Let o be -2*(-10 + 8) - (-3 - -1). Give y(o).
-4
Let x(w) = -3*w**2 + 32*w - 6. Let p(m) = m**2 - 11*m + 2. Let f(g) = 17*p(g) + 6*x(g). Let o(h) = 2*h**2 + 56*h - 114. Let b be o(-30). Calculate f(b).
-8
Let n(j) = 4*j - 10 - j - j + 5*j - 5*j. Determine n(13).
16
Let l be (15/6*1)/(1/4). Let b(t) = 2*t + l - 3*t - 9. Determine b(6).
-5
Suppose -83 = -0*y + y - f, -168 = 2*y - f. Let r = y + 55. Let q = 24 + r. Let d(w) = w + 4. Determine d(q).
-2
Let b(k) = 1 - 207*k + 207*k - 5*k**3 + 2*k**3 - 2*k**2. Let f(a) = a**3 - 7*a**2 + a - 6. Let l = -4 - -11. Let y be f(l). Calculate b(y).
-4
Let y be ((-24)/33)/4 + (-476)/(-77). Let v(p) = -4*p**2 + p - 3*p**2 - p**3 - 2 + y*p**2. Calculate v(-3).
13
Let y(f) be the first derivative of -f**5/120 - f**4/8 - 8*f**3/3 + 13. Let j(p) be the third derivative of y(p). Give j(-11).
8
Let f be 0 + (3 + -2)/1. Let t be (0 - 1)*f - -3. Let s(c) = 9*c - 4. Let g(y) = -38*y + 17. Let d(p) = -g(p) - 5*s(p). Determine d(t).
-11
Let p(l) = -25*l + 27*l + 2 - 13*l**2 - 20*l**2 + 45*l**2 - 15*l**2. Suppose -4 = 2*j - 0. Calculate p(j).
-14
Suppose -7*y + 9*y + 1 = -p, -4*y = -p - 13. Let s(n) be the second derivative of -n**3/2 - 2*n**2 + n. Give s(p).
11
Let u(x) = x**2 + 10*x + 5. Suppose 0 = 4*z + 3*v + 12 + 26, 4*z + 30 = v. What is u(z)?
-11
Let v(l) = 1 - 8 + l - l**3 + 7*l**2 - 3. Suppose -2*b = 2*b - 16. Suppose 5*t + 4*p = 51, -2*t - b*p + 3*p = -18. Give v(t).
-3
Let x(c) be the second derivative of -c**5/20 - c**4/2 - c**3/2 + 3*c**2/2 - 5*c. Let m(w) = 2*w + 1 + 0*w - 4*w + 4. Let k be m(5). What is x(k)?
-7
Let h(l) be the third derivative of l**5/60 + l**4/12 + 5*l**3/6 - 72*l**2. Calculate h(0).
5
Let y(d) = 10*d**2 + 1 - 2*d - 26*d**2 - 8*d**2. Determine y(1).
-25
Let m(p) = 5*p - 1. Let r(n) = 31*n - 23. Let c(g) = -6*m(g) + r(g). Give c(10).
-7
Let g(q) = -9 + 18*q**2 - 7*q - q**3 - 26*q**2 + 7*q + 9*q. Let r be 28/(-3) + 4/12. Give g(r).
-9
Suppose 2*b - 4*l + 29 = 3*b, -5*b + 13 = -2*l. Let g(i) = -i**3 + 5 + 6*i**2 + 0*i - 8*i + 0*i. Calculate g(b).
-10
Let r(z) = 5*z**2 - 36*z + 8. Suppose 9*x - 54 = 18. Let d(k) = -2*k**2 + 12*k - 3. Let u(l) = x*d(l) + 3*r(l). Give u(-12).
0
Let c(r) = 2*r - 1. Let l(y) = y. Suppose 11*n = 9*n + 8. Let d(i) = n*c(i) - 7*l(i). Calculate d(-3).
-7
Let b(u) = -u**3 + 3*u**2 + 2*u - 3. Let c = -13 - -25. Let r be 1 + -3 + c/3. Give b(r).
5
Let t(w) = w**2 + w - 4. Let u be (-2)/4*0/2. Suppose 4 + 11 = 5*s + 5*z, 0 = -2*s + 4*z. Suppose u = -2*m - s*m. Give t(m).
-4
Let h(c) be the second derivative of 3*c**5/20 + c**4/4 + c**3/3 + 314*c. Calculate h(-2).
-16
Let i(x) be the third derivative of 0 + 0*x + 1/24*x**4 - 41*x**2 - 4/3*x**3. Give i(0).
-8
Let c(s) = -s + 1. Suppose -3*j - 163 = -148. Determine c(j).
6
Suppose -2*d + 13 = 5. Let b be d/(32/(-12))*-2. Suppose -2*y = 2*x - 14, -13 = -b*y + 2*x - x. Let p(u) = -u**2 + 5*u + 5. Determine p(y).
5
Let f = -6 + 3. Let c(v) = 12*v**3 - 13*v**2 - 2*v + 1. Let n = 73 - 66. Let s(k) = -5*k**3 + 6*k**2 + k - 1. Let a(h) = n*s(h) + 3*c(h). What is a(f)?
-7
Let h = -212 - -228. Let o(q) = q**3 - 15*q**2 - 16*q - 6. Calculate o(h).
-6
Let i(b) = -b**2 - 16*b - 15. Let q be i(-15). Let p(d) be the second derivative of 1/6*d**3 - 1/2*d**2 + d + 0. Determine p(q).
-1
Let l(m) be the second derivative of 17*m + 0 - 2*m**2 - 1/2*m**3. Calculate l(-3).
5
Let s(n) = -4*n**3 - 8*n**2 - 4*n + 7. Let j be -3 + (1 - 0) - (10 - 6). Let v(q) = -5*q**3 - 9*q**2 - 5*q + 8. Let l(d) = j*s(d) + 5*v(d). Give l(3).
-5
Let b(o) = o**2 - 2*o + 6. Let v be b(3). Let l(f) = -f**3 + 10*f**2 - 11*f - 2. What is l(v)?
-20
Suppose 514*m - 511*m - i = 40, -2*m = -4*i - 50. Let o(t) = -t**2 - t**2 + t**2 + 12*t. Calculate o(m).
11
Let i(l) be the second derivative of -l**4/12 + l**3/6 + l**2 - l + 60. Let j(t) = -1 + 1 - 1 + 3*t**2. Let r be j(-1). Give i(r).
0
Let w = -2424 - -2424. Let q(x) = 6*x**2 + 5*x + 20. Suppose j + 3*j = -16. Let f(g) = -5*g**2 - 4*g - 19. Let s(v) = j*q(v) - 5*f(v). What is s(w)?
15
Let i(w) be the second derivative of -w**3/2 - 21*w**2/2 + 8*w + 3. Calculate i(-9).
6
Suppose -3*k = -0*k - 18. Let f(x) = -1. Let z(d) = d - 1. Let u(y) = 2*f(y) - 4*z(y). Let a(m) = 5*m - 2. Let j(r) = k*u(r) + 5*a(r). What is j(-2)?
0
Let v(a) = 23*a + 150. Let c be v(-6). Let f(h) = h - 1. Calculate f(c).
11
Let g be (3 + 2)*((-5 - 1) + 5). Let d(l) = -6*l - 6. What is d(g)?
24
Let s be 13 + -4 - (1 - 2). Let x = s + -8. Suppose -4*b - 6 = -3*q, b - x*q = -2 - 2. Let p(d) = -d - 10. Determine p(b).
-10
Let t(d) be the second derivative of -d**6/360 - d**5/120 + 11*d**3/3 - 24*d. Let h(k) be the second derivative of t(k). Give h(0).
0
Let u(a) = 67*a - 33*a - 1 + 0 - 26*a. Give u(3).
23
Let p be 15 - 0/(-5 + 9). Let o(r) = -p - 4*r + 9*r - 6*r + 6. Calculate o(-10).
1
Let t be 3 - (5 + -10 + 10). Let m(r) = -7*r - 11. Determine m(t).
3
Let b(c) = -58*c**2 + 5*c + 4. Let t(q) = q**2 - 2*q - 1. Let w(s) = -b(s) - 3*t(s). What is w(1)?
55
Let n = -89 - -92. Let j(d) = -2*d**3 + 3*d**2 + d + 4. Determine j(n).
-20
Suppose 32*i + 434 = -78. Let z(x) = -3*x - 35. What is z(i)?
13
Let n(t) = -t**2 + 6*t + 3. Let m be (-16)/3 - 22/33. Let g(f) = -f**3 - 6*f**2 - 4. Let y be g(m). Let l be 7 + y/4 - -1. Give n(l).
-4
Let f(t) be the first derivative of t**3/3 - 17*t**2/2 - 16*t - 607. Determine f(18).
2
Let o(x) = x**2 + 4*x - 6. Suppose w = 4*y + 10 + 5, -3*w = -3*y. Let s = w + 7. Let p be (-20)/(-6)*(-3)/s. Determine o(p).
-1
Suppose 6*t + 143 = 155. Let i(l) be the second derivative of 1/3*l**3 + 0 + 1/12*l**4 + 7*l + 0*l**t. Give i(-4).
8
Let g(m) = m**3 - 20*m**2 + 18*m - 13. Let s(d) = d**3 - 18*d**2 + 17*d - 12. Let q(z) = 6*g(z) - 7*s(z). Give q(5).
-24
Let y = -24 - -25. Let r be 3*2/6*y. Suppose -2*l + r - 5 = 0. Let c(i) = i**2 - 2. Calculate c(l).
2
Suppose 1601*a - 21 = 1594*a. Let j(p) = p + 1. Give j(a).
4
Let n(y) = -y - 4. Suppose -803 = 5*q - 8*k + 5*k, 3*q + 483 = 3*k. Let x = q + 163. Determine n(x).
-7
Let a = -13 - -17. Let g(y) = 4*y. Let j(r) = -r. Let k(l) = -g(l) - 5*j(l). What is k(a)?
4
Let n be (-5 + 5 - -4) + 0. Let j(k) = -134*k + 264*k + n - 131*k. Give j(0).
4
Let n(x) = 4*x + 196. Let f be n(-49). Let p(i) = -i**3 + i**2 - 29. Calculate p(f).
-29
Let k be 2/(19/(-5) - -4). Suppose 3*l - d = 2*d - 3, l = 4*d - k. Let b(p) = 2*p**2 + 0*p**3 + p**3 - 7*p**2 + 3*p. Determine b(l).
-6
Let u(c) = 12*c - 1. Let k(i) = 10*i - 6. Let o be k(1). Suppose o*b = 3*b + 1. What is u(b)?
11
Let k be (-4)/(-8)*(-2)/1. Let f(s) = 18*s**2. What is f(k)?
18
Suppose -z - 2*w - 3*w - 18 = 0, 4*z + 4 = -3*w. Let r(b) = -7 - 48*b**2 - b**3 + 96*b**z + 2*b - 40*b**2. Calculate r(8).
9
Let z(x) = 2*x + 29. Let m(h) = -5*h - 75. Let o(n) = -4*m(n) - 9*z(n). Determine o(-19).
1
Let i(y) be the first derivative of -y**3/3 + 5*y**2 - 12*y - 3. Let k be i(8). Let w(u) = 5 + 3*u - 8*u + 3 - k. Calculate w(3).
-11
Let s = -16 + 16. Let y(h) = -h + 2. Let z be y(-3). Let o(j) = -2 + 1 + 10*j**3 - 9*j**3 + z + j. What is o(s)?
4
Suppose 4*n - 10 - 6 = 0. Suppose -3*r - n = 5*c - 15, -5*r - c - 11 = 0. Let l(d) = -d - 1. Calculate l(r).
2
Suppose -3 = -2*k + 5, 3*k = -4*t + 24. Let f(s) = -11 + t*s - 6*s**2 - 12 + s**3 + 19. Calculate f(5).
-14
Let w(m) = 5*m**2 - 2. Let d(f) = -29*f**2 + 2*f + 5. Let i(k) = -d(k) - 3*w(k). What is i(2)?
53
Let c(n) = -2*n - 1 - 3*n - 1 - 1 + 4*n. Give c(-11).
8
Let n = -10 - -6. Let g(k) = 9*k**3 - 8*k**2 - 8*